isor of 1750 and 378.
14
What is the highest common divisor of 260 and 67660?
20
What is the greatest common divisor of 1113812 and 5152?
28
What is the highest common factor of 23215570 and 70?
70
Calculate the highest common divisor of 32922 and 45666.
1062
Calculate the highest common factor of 361 and 113703448.
361
What is the greatest common divisor of 152 and 8132646?
38
Calculate the highest common divisor of 1296372 and 990213.
1281
Calculate the greatest common divisor of 980112 and 40.
8
Calculate the greatest common divisor of 3688335 and 21987.
63
What is the greatest common divisor of 275274 and 6150?
246
Calculate the greatest common factor of 132 and 115934082.
66
Calculate the highest common factor of 86190 and 58.
2
Calculate the highest common factor of 3224 and 1061736.
104
What is the greatest common divisor of 3140433 and 18?
9
Calculate the highest common divisor of 224 and 107268448.
224
What is the highest common factor of 161863 and 1183?
13
Calculate the highest common divisor of 84 and 58192068.
12
What is the highest common divisor of 28993 and 14299?
79
What is the highest common divisor of 87175155 and 105?
15
Calculate the greatest common factor of 540412 and 22044.
668
What is the greatest common factor of 310 and 276773580?
310
Calculate the greatest common divisor of 252 and 3540278.
14
What is the highest common factor of 56 and 10475843?
7
What is the highest common factor of 1650388 and 368?
92
Calculate the highest common factor of 851565578 and 335.
67
Calculate the highest common factor of 106764 and 666414.
1722
What is the highest common divisor of 57579 and 18354153?
3387
What is the greatest common divisor of 50359896 and 549?
9
What is the highest common divisor of 237826 and 188?
2
What is the greatest common factor of 7502238 and 36?
18
Calculate the greatest common divisor of 15443718 and 1292.
34
Calculate the greatest common divisor of 175678272 and 11.
11
Calculate the greatest common divisor of 12 and 4964172.
12
Calculate the greatest common factor of 17152743 and 16641.
129
What is the highest common factor of 170325 and 308700?
225
What is the greatest common divisor of 650 and 4477850?
650
Calculate the greatest common factor of 720 and 86887800.
360
What is the highest common divisor of 31901 and 2701511?
1679
Calculate the greatest common factor of 5488 and 3194296.
56
Calculate the highest common factor of 2674 and 193474596.
2674
Calculate the greatest common factor of 1051528 and 1264.
8
What is the greatest common factor of 291855 and 2112?
3
What is the highest common factor of 783 and 50945463?
27
What is the highest common factor of 30592 and 51803250?
478
Calculate the highest common divisor of 12714 and 5291.
13
Calculate the greatest common divisor of 5993051 and 4304.
269
Calculate the highest common divisor of 558 and 153219618.
18
What is the greatest common factor of 132253 and 538571?
121
What is the highest common factor of 1698 and 200243442?
1698
What is the highest common divisor of 573469175 and 5350?
2675
What is the highest common divisor of 314385357 and 429?
429
What is the highest common divisor of 78619 and 2117?
29
What is the highest common factor of 37647296 and 72?
8
What is the greatest common divisor of 99545550 and 3692?
1846
Calculate the greatest common divisor of 7224 and 361329.
129
Calculate the greatest common divisor of 164 and 279504831.
41
Calculate the highest common divisor of 102 and 8386712.
34
What is the greatest common divisor of 15432543 and 86013?
4527
What is the greatest common divisor of 2304 and 57599232?
768
Calculate the greatest common factor of 676 and 164458892.
52
Calculate the highest common factor of 8926071 and 408.
51
Calculate the greatest common divisor of 9355482 and 603232.
5386
Calculate the highest common divisor of 790912189 and 211.
211
Calculate the greatest common factor of 3236 and 116468494.
1618
Calculate the highest common factor of 20735805 and 6060.
1515
Calculate the greatest common divisor of 1818 and 28281414.
606
Calculate the highest common divisor of 22616 and 2522712.
2056
What is the greatest common factor of 478093 and 150612?
77
What is the greatest common factor of 8 and 122216?
8
What is the highest common divisor of 7190 and 39650?
10
What is the highest common factor of 1943594 and 22986?
2554
Calculate the greatest common divisor of 421920565 and 55.
55
Calculate the highest common divisor of 1793 and 11375281.
163
What is the greatest common divisor of 3452714 and 162150?
2162
Calculate the greatest common divisor of 1090201180 and 10.
10
What is the highest common divisor of 250 and 20078750?
250
Calculate the greatest common divisor of 358181830 and 226070.
17390
What is the highest common divisor of 123497 and 6976?
109
Calculate the greatest common divisor of 5785 and 5958105.
445
What is the highest common divisor of 1232 and 188928278?
154
What is the greatest common divisor of 249 and 4142032?
83
Calculate the highest common factor of 33706 and 19760.
38
Calculate the greatest common factor of 855 and 15870339.
171
Calculate the greatest common divisor of 897705 and 144.
9
What is the greatest common divisor of 164045 and 10473295?
1505
What is the highest common divisor of 726653 and 1073?
29
Calculate the highest common factor of 4845384 and 2191626.
7002
Calculate the highest common divisor of 207232155 and 225.
45
What is the highest common divisor of 3480 and 16618200?
120
What is the greatest common divisor of 4000 and 663968?
32
Calculate the greatest common divisor of 5565 and 4177460.
1855
What is the highest common factor of 501 and 44673?
3
What is the highest common factor of 119558907 and 15938?
7969
Calculate the highest common factor of 47379 and 46257.
51
What is the highest common factor of 66544144 and 807?
269
Calculate the greatest common divisor of 94200 and 2287725.
75
Calculate the highest common factor of 90 and 660394530.
90
What is the greatest common factor of 6036425 and 275?
25
Calculate the greatest common factor of 1486 and 140552567.
743
What is the greatest common divisor of 48492 and 19332?
108
Calculate the greatest common factor of 1881 and 463055688.
171
Calculate the highest common divisor of 317642 and 64300.
1286
What is the highest common factor of 39202441 and 718?
359
Calculate the highest common divisor of 12874 and 65901064.
314
What is the greatest common divisor of 2835 and 1501065?
135
Calculate the highest common divisor of 306021 and 75115.
83
What is the highest common factor of 98 and 22627094?
14
What is the greatest common factor of 40203 and 75670980?
4467
What is the greatest common divisor of 11445 and 62155506?
2289
Calculate the highest common divisor of 72 and 4853964.
12
What is the highest common divisor of 143 and 119743702?
13
What is the greatest common factor of 18967390 and 455?
65
Calculate the greatest common factor of 12648369 and 1873.
1873
Calculate the highest common divisor of 56 and 69053992.
56
Calculate the greatest common factor of 931515 and 3825.
255
What is the highest common divisor of 344 and 32508172?
172
Calculate the greatest common factor of 600 and 86304.
24
Calculate the greatest common divisor of 13 and 16443349.
13
Calculate the highest common factor of 90480206 and 943.
23
Calculate the greatest common divisor of 117 and 604770777.
117
Calculate the highest common factor of 9312 and 95808840.
2328
Calculate the highest common factor of 1937004 and 16.
4
What is the greatest common factor of 298453837 and 88?
11
What is the greatest common divisor of 23128 and 1327028?
236
What is the highest common divisor of 12 and 19903866?
6
What is the greatest common divisor of 117157448 and 232?
232
Calculate the greatest common factor of 3 and 225551.
1
Calculate the greatest common factor of 188 and 89280166.
94
Calculate the highest common divisor of 36239 and 2148622.
1169
What is the greatest common divisor of 2053684 and 23584?
268
What is the greatest common factor of 7801522 and 203?
29
What is the highest common divisor of 910899 and 1144?
11
Calculate the greatest common divisor of 1732652868 and 372.
372
What is the highest common divisor of 73277098 and 1358?
194
What is the highest comm